{"id":1796,"date":"2023-08-27T13:10:08","date_gmt":"2023-08-27T12:10:08","guid":{"rendered":"https:\/\/zweit-haar-beauty.ch\/wpress\/?page_id=1796"},"modified":"2024-04-18T07:10:34","modified_gmt":"2024-04-18T06:10:34","slug":"angebot","status":"publish","type":"page","link":"https:\/\/zweit-haar-beauty.ch\/wpress\/angebot\/","title":{"rendered":"Angebot"},"content":{"rendered":"<section class=\"wpb-content-wrapper\"><div class=\"vc_row wpb_row vc_row-fluid\"><div class=\"wpb_column vc_column_container vc_col-sm-12\"><div class=\"vc_column-inner\"><div class=\"wpb_wrapper\">\n\t<div class=\"wpb_text_column wpb_content_element \" >\n\t\t<div class=\"wpb_wrapper\">\n\t\t\t<p>Gerne beraten wir Sie zu den Themen <a href=\"https:\/\/zweit-haar-beauty.ch\/wpress\/angebot\/peruecken\/\">Per\u00fccken<\/a>, Zweithaar, <a href=\"https:\/\/zweit-haar-beauty.ch\/wpress\/angebot\/turbane\/\">Turbane<\/a>, <a href=\"https:\/\/zweit-haar-beauty.ch\/wpress\/angebot\/kopftuecher\/\">Kopft\u00fccher<\/a> etc. und helfen Ihnen bei der Wahl des f\u00fcr Sie richtigen Ersatzes.<br \/>\nAuch sind wir Ansprechpersonen, wenn es darum geht, fehlende <a href=\"https:\/\/zweit-haar-beauty.ch\/wpress\/angebot\/augenbrauen\/\">Augenbrauen<\/a> so zu ersetzen, dass sie zu Ihnen passen.<\/p>\n\n\t\t<\/div>\n\t<\/div>\n<\/div><\/div><\/div><\/div>\n<\/section>","protected":false},"excerpt":{"rendered":"Gerne beraten wir Sie zu den Themen Per\u00fccken, Zweithaar, Turbane, Kopft\u00fccher etc. und helfen Ihnen bei der Wahl des f\u00fcr[...]","protected":false},"author":3,"featured_media":0,"parent":0,"menu_order":1,"comment_status":"closed","ping_status":"closed","template":"","meta":[],"_links":{"self":[{"href":"https:\/\/zweit-haar-beauty.ch\/wpress\/wp-json\/wp\/v2\/pages\/1796"}],"collection":[{"href":"https:\/\/zweit-haar-beauty.ch\/wpress\/wp-json\/wp\/v2\/pages"}],"about":[{"href":"https:\/\/zweit-haar-beauty.ch\/wpress\/wp-json\/wp\/v2\/types\/page"}],"author":[{"embeddable":true,"href":"https:\/\/zweit-haar-beauty.ch\/wpress\/wp-json\/wp\/v2\/users\/3"}],"replies":[{"embeddable":true,"href":"https:\/\/zweit-haar-beauty.ch\/wpress\/wp-json\/wp\/v2\/comments?post=1796"}],"version-history":[{"count":4,"href":"https:\/\/zweit-haar-beauty.ch\/wpress\/wp-json\/wp\/v2\/pages\/1796\/revisions"}],"predecessor-version":[{"id":1855,"href":"https:\/\/zweit-haar-beauty.ch\/wpress\/wp-json\/wp\/v2\/pages\/1796\/revisions\/1855"}],"wp:attachment":[{"href":"https:\/\/zweit-haar-beauty.ch\/wpress\/wp-json\/wp\/v2\/media?parent=1796"}],"curies":[{"name":"wp","href":"https:\/\/api.w.org\/{rel}","templated":true}]}}