{"id":1805,"date":"2023-08-27T13:11:38","date_gmt":"2023-08-27T12:11:38","guid":{"rendered":"https:\/\/zweit-haar-beauty.ch\/wpress\/?page_id=1805"},"modified":"2024-05-02T20:17:59","modified_gmt":"2024-05-02T19:17:59","slug":"augenbrauen","status":"publish","type":"page","link":"https:\/\/zweit-haar-beauty.ch\/wpress\/angebot\/augenbrauen\/","title":{"rendered":"Augenbrauen"},"content":{"rendered":"<section class=\"wpb-content-wrapper\"><div class=\"vc_row wpb_row vc_row-fluid\"><div class=\"wpb_column vc_column_container vc_col-sm-2\/5\"><div class=\"vc_column-inner\"><div class=\"wpb_wrapper\">\n\t<div  class=\"wpb_single_image wpb_content_element vc_align_left\">\n\t\t\n\t\t<figure class=\"wpb_wrapper vc_figure\">\n\t\t\t<div class=\"vc_single_image-wrapper   vc_box_border_grey\"><img width=\"338\" height=\"147\" src=\"https:\/\/zweit-haar-beauty.ch\/wpress\/wp-content\/uploads\/zweit-haar-beauty_augenbrauen.jpg\" class=\"vc_single_image-img attachment-full\" alt=\"Zweit-Haar-Beauty - Augenbrauen\" decoding=\"async\" loading=\"lazy\" title=\"Zweit-Haar-Beauty - Augenbrauenrauen\" srcset=\"https:\/\/zweit-haar-beauty.ch\/wpress\/wp-content\/uploads\/zweit-haar-beauty_augenbrauen.jpg 338w, https:\/\/zweit-haar-beauty.ch\/wpress\/wp-content\/uploads\/zweit-haar-beauty_augenbrauen-300x130.jpg 300w\" sizes=\"(max-width: 338px) 100vw, 338px\" \/><\/div>\n\t\t<\/figure>\n\t<\/div>\n<\/div><\/div><\/div><div class=\"wpb_column vc_column_container vc_col-sm-3\/5\"><div class=\"vc_column-inner\"><div class=\"wpb_wrapper\">\n\t<div class=\"wpb_text_column wpb_content_element \" >\n\t\t<div class=\"wpb_wrapper\">\n\t\t\t<p><strong>Augenbrauen-Ersatz \/ Geschichtsepithesen<\/strong><\/p>\n<p>In einigen F\u00e4llen ben\u00f6tigt man auch Echthaar-Augenbrauen, sie sehen sehr nat\u00fcrlich aus und sind in verschiedenen Farben erh\u00e4ltlich.<\/p>\n<p>Sie lassen sich einfach aufkleben und halten bis zu zwei Wochen; danach m\u00fcssen sie neu geklebt werden.<\/p>\n<p><strong>Haben Sie aus gesundheitlichen Gr\u00fcnden keine Augenbrauen mehr?<\/strong><\/p>\n<p>Die Sozialversicherung der Schweiz (IV\/AHV) bietet eine finanzielle Unterst\u00fctzung f\u00fcr Betroffene, die eine Gesichtsephitese ( z.B. Augenbrauen ) ben\u00f6tigen an.<\/p>\n\n\t\t<\/div>\n\t<\/div>\n<\/div><\/div><\/div><\/div>\n<\/section>","protected":false},"excerpt":{"rendered":"Augenbrauen-Ersatz \/ Geschichtsepithesen In einigen F\u00e4llen ben\u00f6tigt man auch Echthaar-Augenbrauen, sie sehen sehr nat\u00fcrlich aus und sind in verschiedenen Farben[...]","protected":false},"author":3,"featured_media":0,"parent":1796,"menu_order":4,"comment_status":"closed","ping_status":"closed","template":"","meta":[],"_links":{"self":[{"href":"https:\/\/zweit-haar-beauty.ch\/wpress\/wp-json\/wp\/v2\/pages\/1805"}],"collection":[{"href":"https:\/\/zweit-haar-beauty.ch\/wpress\/wp-json\/wp\/v2\/pages"}],"about":[{"href":"https:\/\/zweit-haar-beauty.ch\/wpress\/wp-json\/wp\/v2\/types\/page"}],"author":[{"embeddable":true,"href":"https:\/\/zweit-haar-beauty.ch\/wpress\/wp-json\/wp\/v2\/users\/3"}],"replies":[{"embeddable":true,"href":"https:\/\/zweit-haar-beauty.ch\/wpress\/wp-json\/wp\/v2\/comments?post=1805"}],"version-history":[{"count":6,"href":"https:\/\/zweit-haar-beauty.ch\/wpress\/wp-json\/wp\/v2\/pages\/1805\/revisions"}],"predecessor-version":[{"id":1906,"href":"https:\/\/zweit-haar-beauty.ch\/wpress\/wp-json\/wp\/v2\/pages\/1805\/revisions\/1906"}],"up":[{"embeddable":true,"href":"https:\/\/zweit-haar-beauty.ch\/wpress\/wp-json\/wp\/v2\/pages\/1796"}],"wp:attachment":[{"href":"https:\/\/zweit-haar-beauty.ch\/wpress\/wp-json\/wp\/v2\/media?parent=1805"}],"curies":[{"name":"wp","href":"https:\/\/api.w.org\/{rel}","templated":true}]}}