{"id":1924,"date":"2024-05-21T09:37:37","date_gmt":"2024-05-21T08:37:37","guid":{"rendered":"https:\/\/zweit-haar-beauty.ch\/wpress\/?page_id=1924"},"modified":"2024-05-21T11:25:14","modified_gmt":"2024-05-21T10:25:14","slug":"antworten-auf-ihre-fragen","status":"publish","type":"page","link":"https:\/\/zweit-haar-beauty.ch\/wpress\/antworten-auf-ihre-fragen\/","title":{"rendered":"Antworten auf Ihre Fragen"},"content":{"rendered":"<section class=\"wpb-content-wrapper\"><div class=\"vc_row wpb_row vc_row-fluid\"><div class=\"wpb_column vc_column_container vc_col-sm-12\"><div class=\"vc_column-inner\"><div class=\"wpb_wrapper\">\n\t<div class=\"wpb_text_column wpb_content_element \" >\n\t\t<div class=\"wpb_wrapper\">\n\t\t\t<p><span style=\"font-size: 14pt;\"><a id=\"Fragen\"><\/a><strong>Was? Wann? Wer? Wo? Wie? &#8230;\u00a0\u00a0 Fragen \u00fcber Fragen&#8230;<\/strong><\/span><\/p>\n<p>Im folgenden geben wir Ihnen Antwort auf die h\u00e4ufigsten Fragen rund um Per\u00fccken und Zweit-Haar, die an uns gestellt werden.<br \/>\nFinden Sie keine Antwort auf Ihre Fragen, z\u00f6gern Sie nicht, uns anzurufen (+41 76 465 31 43) oder per eMail (info@zweit-haar-beauty.ch) zu kontaktieren.<\/p>\n<p><a href=\"#Ablauf\">Wie ist der Ablauf?<\/a><br \/>\n<a href=\"#KostenPeruecke\">Wieviel kostet eine Per\u00fccke bei einer Chemotherapie?<\/a><br \/>\n<a href=\"#KostenuebernahmeKrankenkasse\">Bezahlt meine Krankenkasse eine Per\u00fccke?<\/a><br \/>\n<a href=\"#Pflegeaufwand\">Ist das Zweithaar sehr pflegeaufw\u00e4ndig?<\/a><br \/>\n<a href=\"#BestePeruecke\">Welches ist die beste Per\u00fccke bei einer Chemotherapie?<\/a><br \/>\n<a href=\"#Sommer\">Wie ist das im Sommer? Wird es warm oder schwitzt man besonders unter einer Per\u00fccke, einem Zweithaar?<\/a><br \/>\n<a href=\"#PerueckeBett\">Kann ich die Per\u00fccke auch im Bett tragen?<\/a><br \/>\n<a href=\"#Aufbewahrung\">Was mache ich mit meinem Zweithaar, meiner Per\u00fccke wenn ich sie nicht trage?<\/a><br \/>\n<a href=\"#Perueckenrueckgabe\">Kann ich die Per\u00fccke zur\u00fcckgeben wen meine Haare wieder Nachgewachsen sind?<\/a><br \/>\n<a href=\"#Bezahlung\">Wie kann ich bezahlen?<\/a><br \/>\n<a href=\"#Ratenzahlung\">Kann ich bei Ihnen meine Rechnung in Raten begleichen?<\/a><br \/>\n<a href=\"#NachwachsenHaare\">Wann beginnen meine Haare wieder zu wachsen?<\/a><\/p>\n<p><a id=\"Ablauf\"><\/a><span style=\"color: #ffffff;\">&#8230;<\/span><\/p>\n<hr \/>\n<h5><a id=\"Ablauf\"><\/a>Wie ist der Ablauf?<\/h5>\n<p>Das Wichtigste ist, sich m\u00f6glichst fr\u00fch zu einem ersten Beratungstermin telefonisch bei uns anzumelden. Dann sind Sie gut vorbereitet und erhalten bei beginnendem Haarausfall Ihre gew\u00fcnschte Frisur, in Form einer Per\u00fccke, einem Zweithaar oder Sie entscheiden sich f\u00fcr eine L\u00f6sung mit Turbanen oder Caps.<br \/>\n<a href=\"#Fragen\">zur\u00fcck zur den Fragen&#8230;<\/a><\/p>\n<p><a id=\"KostenPeruecke\"><\/a><span style=\"color: #ffffff;\">&#8230;<\/span><\/p>\n<hr \/>\n<h5>Wieviel kostet eine Per\u00fccke bei einer Chemotherapie?<\/h5>\n<p>Bei der Auswahl der passenden Per\u00fccke oder Turbane spielen viele Faktoren eine Rolle \u2013 nat\u00fcrlich auch der Preis.<br \/>\nDieser ist abh\u00e4ngig von der Wahl der Haarqualit\u00e4t und der Verarbeitung der Per\u00fccke. Wir f\u00fchren hochqualitative Per\u00fccken aus besten Rohstoffen und erstklassiger Verarbeitung. Es ist uns m\u00f6glich, Ihnen die optimale Auswahl an Per\u00fccken anzubieten, deren Kosten bei einer Kunsthaarper\u00fccke meist vollst\u00e4ndig von der Invalidenversicherung getragen werden. Die IV \u00fcbernimmt pro Kalenderjahr CHF 1&#8217;500.00 und die AHV CHF 1&#8217;000.00. Bei den notwendigen Anmeldungen der IV\/AHV stehen wir Ihnen gerne zur Seite<br \/>\noder \u00fcbernehmen sie ganz f\u00fcr Sie!<br \/>\n<a href=\"#Fragen\">zur\u00fcck zur den Fragen&#8230;<\/a><\/p>\n<p><a id=\"KostenuebernahmeKrankenkasse\"><\/a><span style=\"color: #ffffff;\">&#8230;<\/span><\/p>\n<hr \/>\n<h5>Bezahlt meine Krankenkasse eine Per\u00fccke?<\/h5>\n<p>Bei einer durch die \u00c4rztin oder den Arzt angeordneten Chemotherapie, bei Haarwurzelerkrankungen oder nach einer Kopfoperation ist die Per\u00fccke eine \u00e4rztlich verschriebene Haarprothese. Deshalb \u00fcbernimmt die IV respektive die AHV den ganzen oder gr\u00f6ssten Anteil einer Per\u00fccke. Je nachdem wie Sie krankenversichert sind, wird ein allf\u00e4lliger Differenzbetrag \u00fcbernommen. Kontaktieren Sie daf\u00fcr bitte Ihre Krankenkasse.<br \/>\n<a href=\"#Fragen\">zur\u00fcck zur den Fragen&#8230;<\/a><\/p>\n<p><a id=\"Pflegeaufwand\"><\/a><span style=\"color: #ffffff;\">&#8230;<\/span><\/p>\n<hr \/>\n<h5>Ist das Zweithaar sehr pflegeaufw\u00e4ndig?<\/h5>\n<p>Die Modelle aus Kunsthaar, die von den Kundinnen und Kunden \u00fcberwiegend ausgew\u00e4hlt werden, sind sehr pflegeleicht und einfach zu reinigen. Nach einem kurzen Bad mit den speziell daf\u00fcr vorgesehenen Shampoos wird die Per\u00fccke noch ausgesp\u00fclt und nach anschliessender Luft-Trocknung wird sie nur noch gesch\u00fcttelt, aufgesetzt und fertig! Wenn Sie es w\u00fcnschen k\u00f6nnen wir auch ab und zu einen Pflegeservice an Ihrer Per\u00fccke ausf\u00fchren, so dass diese wieder wie neu aussieht.<br \/>\nWichtig ist, dass sie die gew\u00e4hlte Per\u00fccke nur mit den daf\u00fcr vorgesehenen Produkten reinigen und pflegen! Auch das Styling ist ausschliesslich mit auf Per\u00fccken abgestimmten Produkten und K\u00e4mmen auszuf\u00fchren!<br \/>\n<a href=\"#Fragen\">zur\u00fcck zur den Fragen&#8230;<\/a><\/p>\n<p><a id=\"BestePeruecke\"><\/a><span style=\"color: #ffffff;\">&#8230;<\/span><\/p>\n<hr \/>\n<h5>Welches ist die beste Per\u00fccke bei einer Chemotherapie?<\/h5>\n<p>Die meisten Kundeninnen und Kunden w\u00fcnschen sich eine Per\u00fccke mit einem m\u00f6glichst genauen Abbild ihrer jetzigen Frisur in Schnitt und Farbe. Unsere St\u00e4rke liegt darin, Ihnen diesen Wunsch zu erf\u00fcllen, so dass fast keine Ver\u00e4nderung bemerkt wird. Lassen Sie sich von uns beraten, wir werden zusammen die optimale Per\u00fccke f\u00fcr Sie finden.<br \/>\n<a href=\"#Fragen\">zur\u00fcck zur den Fragen&#8230;<\/a><\/p>\n<p><a id=\"Sommer\"><\/a><span style=\"color: #ffffff;\">&#8230;<\/span><\/p>\n<hr \/>\n<h5>Wie ist das im Sommer? Wird es warm oder schwitzt man besonders unter einer Per\u00fccke, einem Zweithaar?<\/h5>\n<p>Per\u00fccken sind bez\u00fcglich W\u00e4rme und Schwitzen auf der Kopfhaut mit echtem Haar vergleichbar. Wie beim nat\u00fcrlichen Haar sind Kurzhaarfrisuren weniger warm als Langhaarfrisuren.<br \/>\n<a href=\"#Fragen\">zur\u00fcck zur den Fragen&#8230;<\/a><\/p>\n<p><a id=\"PerueckeBett\"><\/a><span style=\"color: #ffffff;\">&#8230;<\/span><\/p>\n<hr \/>\n<h5>Kann ich die Per\u00fccke auch im Bett tragen?<\/h5>\n<p>Es ist nicht empfehlenswert, die Per\u00fccke im Bett zu tragen, da sich die Haare dadurch sehr schnell verfilzen und die Frisur nicht mehr sch\u00f6n aussieht! Wir empfehlen Ihnen, besonders auch in der Nacht, w\u00e4hrend einer Chemotherapie, einen Nachtturban zu tragen, um den W\u00e4rmeausgleich zu unterst\u00fctzen. F\u00fcr kurze Besuche d\u00fcrfen sie das Zweithaar sicherlich aufsetzen.<br \/>\n<a href=\"#Fragen\">zur\u00fcck zur den Fragen&#8230;<\/a><\/p>\n<p><a id=\"Aufbewahrung\"><\/a><span style=\"color: #ffffff;\">&#8230;<\/span><\/p>\n<hr \/>\n<h5>Was mache ich mit meinem Zweithaar, meiner Per\u00fccke wenn ich sie nicht trage?<\/h5>\n<p>Hierf\u00fcr haben wir spezielle Per\u00fcckenst\u00e4nder, damit die Per\u00fccke in ihrer optimalen Form bleibt und sie von beiden Seiten gut ausl\u00fcften kann. Dieser besteht aus zwei Teilen und kann einfach zusammengesteckt werden.<br \/>\n<a href=\"#Fragen\">zur\u00fcck zur den Fragen&#8230;<\/a><\/p>\n<p><a id=\"Perueckenrueckgabe\"><\/a><span style=\"color: #ffffff;\">&#8230;<\/span><\/p>\n<hr \/>\n<h5>Kann ich die Per\u00fccke zur\u00fcckgeben wen meine Haare wieder Nachgewachsen sind?<\/h5>\n<p>Da es sich bei der Per\u00fccke um ein Hygieneprodukt handelt, k\u00f6nnen wir diese nicht zur\u00fccknehmen. Sie haben jedoch die M\u00f6glichkeit, die Per\u00fccke zu Spenden. Fragen Sie einfach bei uns nach!<br \/>\n<a href=\"#Fragen\">zur\u00fcck zur den Fragen&#8230;<\/a><\/p>\n<p><a id=\"Bezahlung\"><\/a><span style=\"color: #ffffff;\">&#8230;<\/span><\/p>\n<hr \/>\n<h5>Wie kann ich bezahlen?<\/h5>\n<p>In den meisten F\u00e4llen rechnen wir direkt mit der IV\/AHV ab und wenn noch ein Restbetrag \u00fcbrig bleibt, stellen wir Ihnen eine Rechnung aus, die innert 30 Tagen zahlbar ist.<br \/>\n<a href=\"#Fragen\">zur\u00fcck zur den Fragen&#8230;<\/a><\/p>\n<p><a id=\"Ratenzahlung\"><\/a><span style=\"color: #ffffff;\">&#8230;<\/span><\/p>\n<hr \/>\n<h5>Kann ich bei Ihnen meine Rechnung in Raten begleichen?<\/h5>\n<p>Selbstverst\u00e4ndlich ist das m\u00f6glich. Bitte nehmen Sie mit uns Kontakt auf, um Ihre M\u00f6glichkeiten zu besprechen.<br \/>\n<a href=\"#Fragen\">zur\u00fcck zur den Fragen&#8230;<\/a><\/p>\n<p><a id=\"NachwachsenHaare\"><\/a><span style=\"color: #ffffff;\">&#8230;<\/span><\/p>\n<hr \/>\n<h5>Wann beginnen meine Haare wieder zu wachsen?<\/h5>\n<p>Die Haare wachsen wieder, sobald der K\u00f6rper das Medikament ausgeschieden hat, was ungef\u00e4hr vier bis sechs Wochen nach Abschluss der Chemotherapie erfolgt. Sie wachsen wieder wie vor der Chemotherapie circa 1 cm im Monat. Es gibt also keine negativen Auswirkungen auf Qualit\u00e4t, Beschaffenheit und Farbe der Haare. Es kann vorkommen, dass die ersten neu wachsenden Haare, etwas ver\u00e4ndert sind wie welliger, d\u00fcnner, heller oder f\u00fclliger. Das liegt an den noch nicht vollst\u00e4ndig regenerierten Haarwurzelzellen. Die Haare werden aber nach und nach dicker und bekommen wieder ihre urspr\u00fcngliche Farbe. Nach 3 bis 4 Monaten sind die Haare wieder ganz gesund.<br \/>\n<a href=\"#Fragen\">zur\u00fcck zur den Fragen&#8230;<\/a><\/p>\n<hr \/>\n<p>F\u00fcr weitere Fragen sind wir gerne f\u00fcr sie da!<\/p>\n\n\t\t<\/div>\n\t<\/div>\n<\/div><\/div><\/div><\/div>\n<\/section>","protected":false},"excerpt":{"rendered":"Was? Wann? Wer? Wo? Wie? ...\u00a0\u00a0 Fragen \u00fcber Fragen... Im folgenden geben wir Ihnen Antwort auf die h\u00e4ufigsten Fragen rund[...]","protected":false},"author":3,"featured_media":0,"parent":0,"menu_order":0,"comment_status":"closed","ping_status":"closed","template":"","meta":[],"_links":{"self":[{"href":"https:\/\/zweit-haar-beauty.ch\/wpress\/wp-json\/wp\/v2\/pages\/1924"}],"collection":[{"href":"https:\/\/zweit-haar-beauty.ch\/wpress\/wp-json\/wp\/v2\/pages"}],"about":[{"href":"https:\/\/zweit-haar-beauty.ch\/wpress\/wp-json\/wp\/v2\/types\/page"}],"author":[{"embeddable":true,"href":"https:\/\/zweit-haar-beauty.ch\/wpress\/wp-json\/wp\/v2\/users\/3"}],"replies":[{"embeddable":true,"href":"https:\/\/zweit-haar-beauty.ch\/wpress\/wp-json\/wp\/v2\/comments?post=1924"}],"version-history":[{"count":24,"href":"https:\/\/zweit-haar-beauty.ch\/wpress\/wp-json\/wp\/v2\/pages\/1924\/revisions"}],"predecessor-version":[{"id":1949,"href":"https:\/\/zweit-haar-beauty.ch\/wpress\/wp-json\/wp\/v2\/pages\/1924\/revisions\/1949"}],"wp:attachment":[{"href":"https:\/\/zweit-haar-beauty.ch\/wpress\/wp-json\/wp\/v2\/media?parent=1924"}],"curies":[{"name":"wp","href":"https:\/\/api.w.org\/{rel}","templated":true}]}}