{"id":506,"date":"2018-10-10T11:52:01","date_gmt":"2018-10-10T10:52:01","guid":{"rendered":"http:\/\/coiffure-moustache.ch\/wpress\/?page_id=506"},"modified":"2024-05-02T20:20:59","modified_gmt":"2024-05-02T19:20:59","slug":"leitbild","status":"publish","type":"page","link":"https:\/\/zweit-haar-beauty.ch\/wpress\/ueber-uns\/leitbild\/","title":{"rendered":"Leitbild"},"content":{"rendered":"<section class=\"wpb-content-wrapper\"><div class=\"vc_row wpb_row vc_row-fluid\"><div class=\"wpb_column vc_column_container vc_col-sm-12\"><div class=\"vc_column-inner\"><div class=\"wpb_wrapper\">\n\t<div class=\"wpb_text_column wpb_content_element \" >\n\t\t<div class=\"wpb_wrapper\">\n\t\t\t<p>Unser Handwerk sehen wir als Berufung. Das erm\u00f6glicht uns, neue Herausforderungen immer wieder mit viel Freude anzugehen.<\/p>\n<p>Mit der richtigen Per\u00fccke bzw. dem richtigen Zweithaar unterstreichen wir Ihre Pers\u00f6nlichkeit.<\/p>\n<p>Ihr Aussehen, Ihre Ausstrahlung und Ihr Wohlbefinden sind uns wichtig.<\/p>\n<p>Wir bleiben offen und individuell und bieten auch Turbane oder andere Kopfbedeckungen an.<\/p>\n<p>F\u00fcr uns ist es oberste Priorit\u00e4t, unsere Kundinnen und Kunden zu begleiten, zu unterst\u00fctzen und ihnen so viel wie m\u00f6glich abzunehmen. So \u00fcbernehmen wir auch die Anmeldung f\u00fcr eine Per\u00fccke bzw. ein Zweithaar bei der IV\/AHV.<\/p>\n<p>Stetige Aus- und Weiterbildung ist f\u00fcr uns selbstverst\u00e4ndlich.<\/p>\n<p>Wir gehen mit der Zeit und unsere Kundinnen und Kunden sollen von unserer dynamischen, motivierten Einstellung profitieren.<\/p>\n<p>Wir setzten uns sozial ein. Wir helfen Menschen, die sozial oder gesundheitlich benachteiligt sind.<\/p>\n<p>Bei uns sind alle Personen willkommen, unabh\u00e4ngig von Geschlecht, Religion und Nationalit\u00e4t.<\/p>\n<p>Wir unterst\u00fctzen und f\u00f6rdern Projekte im sozialen und \u00f6kologischen Bereich.<\/p>\n<p>Die Erhaltung einer lebenswerten Umwelt sichert unsere Zukunft und wir sind daher bestrebt, unsere Leistungen m\u00f6glichst umweltschonend zu erbringen.<\/p>\n<p>Wir sind der \u00dcberzeugung das Lernen niemals endet.<\/p>\n\n\t\t<\/div>\n\t<\/div>\n<\/div><\/div><\/div><\/div>\n<\/section>","protected":false},"excerpt":{"rendered":"Unser Handwerk sehen wir als Berufung. Das erm\u00f6glicht uns, neue Herausforderungen immer wieder mit viel Freude anzugehen. Mit der richtigen[...]","protected":false},"author":3,"featured_media":0,"parent":556,"menu_order":2,"comment_status":"closed","ping_status":"closed","template":"","meta":[],"_links":{"self":[{"href":"https:\/\/zweit-haar-beauty.ch\/wpress\/wp-json\/wp\/v2\/pages\/506"}],"collection":[{"href":"https:\/\/zweit-haar-beauty.ch\/wpress\/wp-json\/wp\/v2\/pages"}],"about":[{"href":"https:\/\/zweit-haar-beauty.ch\/wpress\/wp-json\/wp\/v2\/types\/page"}],"author":[{"embeddable":true,"href":"https:\/\/zweit-haar-beauty.ch\/wpress\/wp-json\/wp\/v2\/users\/3"}],"replies":[{"embeddable":true,"href":"https:\/\/zweit-haar-beauty.ch\/wpress\/wp-json\/wp\/v2\/comments?post=506"}],"version-history":[{"count":7,"href":"https:\/\/zweit-haar-beauty.ch\/wpress\/wp-json\/wp\/v2\/pages\/506\/revisions"}],"predecessor-version":[{"id":1908,"href":"https:\/\/zweit-haar-beauty.ch\/wpress\/wp-json\/wp\/v2\/pages\/506\/revisions\/1908"}],"up":[{"embeddable":true,"href":"https:\/\/zweit-haar-beauty.ch\/wpress\/wp-json\/wp\/v2\/pages\/556"}],"wp:attachment":[{"href":"https:\/\/zweit-haar-beauty.ch\/wpress\/wp-json\/wp\/v2\/media?parent=506"}],"curies":[{"name":"wp","href":"https:\/\/api.w.org\/{rel}","templated":true}]}}