{"id":657,"date":"2020-08-27T11:48:59","date_gmt":"2020-08-27T10:48:59","guid":{"rendered":"https:\/\/gilgenag.ch\/wpress\/?page_id=657"},"modified":"2024-05-03T06:31:45","modified_gmt":"2024-05-03T05:31:45","slug":"ruth-fellino-mueller","status":"publish","type":"page","link":"https:\/\/zweit-haar-beauty.ch\/wpress\/ueber-uns\/ruth-fellino-mueller\/","title":{"rendered":"Ruth Fellino-M\u00fcller"},"content":{"rendered":"<section class=\"wpb-content-wrapper\"><div class=\"vc_row wpb_row vc_row-fluid\"><div class=\"wpb_column vc_column_container vc_col-sm-4\"><div class=\"vc_column-inner\"><div class=\"wpb_wrapper\">\n\t<div  class=\"wpb_single_image wpb_content_element vc_align_left\">\n\t\t\n\t\t<figure class=\"wpb_wrapper vc_figure\">\n\t\t\t<div class=\"vc_single_image-wrapper   vc_box_border_grey\"><img width=\"1536\" height=\"2048\" src=\"https:\/\/zweit-haar-beauty.ch\/wpress\/wp-content\/uploads\/ruth.jpg\" class=\"vc_single_image-img attachment-full\" alt=\"Ruth Fellino-M\u00fcller\" decoding=\"async\" loading=\"lazy\" title=\"Ruth Fellino-M\u00fcller\" srcset=\"https:\/\/zweit-haar-beauty.ch\/wpress\/wp-content\/uploads\/ruth.jpg 1536w, https:\/\/zweit-haar-beauty.ch\/wpress\/wp-content\/uploads\/ruth-225x300.jpg 225w, https:\/\/zweit-haar-beauty.ch\/wpress\/wp-content\/uploads\/ruth-768x1024.jpg 768w, https:\/\/zweit-haar-beauty.ch\/wpress\/wp-content\/uploads\/ruth-1152x1536.jpg 1152w\" sizes=\"(max-width: 1536px) 100vw, 1536px\" \/><\/div>\n\t\t<\/figure>\n\t<\/div>\n<\/div><\/div><\/div><div class=\"wpb_column vc_column_container vc_col-sm-8\"><div class=\"vc_column-inner\"><div class=\"wpb_wrapper\">\n\t<div class=\"wpb_text_column wpb_content_element \" >\n\t\t<div class=\"wpb_wrapper\">\n\t\t\t<p>Mein Name ist Ruth Fellino-M\u00fcller<\/p>\n<p>Seit 1999 betreibe ich das Coiffeurgesch\u00e4ft &#8222;<a href=\"https:\/\/www.coiffure-moustache.ch\" target=\"_blank\" rel=\"noopener\">Coiffure Moustache<\/a>&#8220; in Sissach.<\/p>\n<p>Im Jahr 2012 begleitete ich eine liebe Berufskollegin krankheitsbedingt auf der Suche nach Ihrer Per\u00fccke.<\/p>\n<p>Der Anfahrtsweg war lange, da es in unserer Region kaum Angebote f\u00fcr Zweithaar-Beratungen gab.<\/p>\n<p>Diese Erfahrung inspirierte mich, diese spezialisierte Dienstleistung in meinem eigenen Coiffeur Gesch\u00e4ft anzubieten. Meine Berufskollegin war \u00fcberzeugt, dass ich die ideale Person daf\u00fcr sei, eine \u00dcberzeugung, die ich gerne bis heute teile. Empathie Offenheit und die Freude zu helfen, pr\u00e4gen meinen Umgang mit Menschen, und es erf\u00fcllt mich mit Dankbarkeit, jemandem in schwierigen Zeiten zur Seite stehen zu k\u00f6nnen.<\/p>\n<p>Nach einer entsprechenden Schulung in die Welt der Per\u00fccken, begann ich, diese spezielle Dienstleistung in Sissach anzubieten. Um die Privatsph\u00e4re meiner Kunden zu sch\u00fctzen, entschied ich mich f\u00fcr ein diskreteres Angebot, ausserhalb der regul\u00e4ren \u00d6ffnungszeiten.<\/p>\n<p>Im Jahr 2021 konnte ich schliesslich ein spezialisiertes Per\u00fccken-Studio mit separatem Eingang in den hinteren R\u00e4umen meines Salons einrichten.<\/p>\n<p>Das &#8222;Zweit-Haar-Beauty&#8220; Studio er\u00f6ffnete im Oktober 2021.<\/p>\n<p>Um unseren Kunden noch professioneller beistehen zu k\u00f6nnen, absolvierten meine Mitarbeiterin und ich weitere Fortbildungen im Bereich Zweithaar\/Per\u00fccken, Turbane, K\u00f6pft\u00fccher, Caps, H\u00fcte und Augenbrauen, um stets die neuesten Methoden und Produkte anbieten zu k\u00f6nnen.<\/p>\n<p>Die Arbeit mit Per\u00fccken und Zweithaar ist f\u00fcr mich nicht nur eine berufliche Bereicherung, sondern auch eine tiefgehende, pers\u00f6nliche Erfahrung und eine Herzensangelegenheit.<\/p>\n<p>Ich bin zutiefst dankbar f\u00fcr das Vertrauen aller meiner Kundinnen und Kunden die ich auf ihrem Weg begleiten darf.<\/p>\n<p>Ruth Fellino-M\u00fcller<\/p>\n\n\t\t<\/div>\n\t<\/div>\n<\/div><\/div><\/div><\/div><div class=\"vc_row wpb_row vc_row-fluid\"><div class=\"wpb_column vc_column_container vc_col-sm-12\"><div class=\"vc_column-inner\"><div class=\"wpb_wrapper\">\n\t<div class=\"wpb_text_column wpb_content_element \" >\n\t\t<div class=\"wpb_wrapper\">\n\t\t\t\n\t\t<\/div>\n\t<\/div>\n\n\t<div class=\"wpb_text_column wpb_content_element \" >\n\t\t<div class=\"wpb_wrapper\">\n\t\t\t<p>ZWEIT-HAAR-BEAUTY geh\u00f6rt zu <a href=\"https:\/\/www.coiffure-moustache.ch\" target=\"_blank\" rel=\"noopener\">Coiffure Moustache<\/a>, Sissach.<\/p>\n\n\t\t<\/div>\n\t<\/div>\n<\/div><\/div><\/div><\/div>\n<\/section>","protected":false},"excerpt":{"rendered":"Mein Name ist Ruth Fellino-M\u00fcller Seit 1999 betreibe ich das Coiffeurgesch\u00e4ft \"Coiffure Moustache\" in Sissach. Im Jahr 2012 begleitete ich[...]","protected":false},"author":3,"featured_media":0,"parent":556,"menu_order":1,"comment_status":"closed","ping_status":"closed","template":"","meta":[],"_links":{"self":[{"href":"https:\/\/zweit-haar-beauty.ch\/wpress\/wp-json\/wp\/v2\/pages\/657"}],"collection":[{"href":"https:\/\/zweit-haar-beauty.ch\/wpress\/wp-json\/wp\/v2\/pages"}],"about":[{"href":"https:\/\/zweit-haar-beauty.ch\/wpress\/wp-json\/wp\/v2\/types\/page"}],"author":[{"embeddable":true,"href":"https:\/\/zweit-haar-beauty.ch\/wpress\/wp-json\/wp\/v2\/users\/3"}],"replies":[{"embeddable":true,"href":"https:\/\/zweit-haar-beauty.ch\/wpress\/wp-json\/wp\/v2\/comments?post=657"}],"version-history":[{"count":13,"href":"https:\/\/zweit-haar-beauty.ch\/wpress\/wp-json\/wp\/v2\/pages\/657\/revisions"}],"predecessor-version":[{"id":1912,"href":"https:\/\/zweit-haar-beauty.ch\/wpress\/wp-json\/wp\/v2\/pages\/657\/revisions\/1912"}],"up":[{"embeddable":true,"href":"https:\/\/zweit-haar-beauty.ch\/wpress\/wp-json\/wp\/v2\/pages\/556"}],"wp:attachment":[{"href":"https:\/\/zweit-haar-beauty.ch\/wpress\/wp-json\/wp\/v2\/media?parent=657"}],"curies":[{"name":"wp","href":"https:\/\/api.w.org\/{rel}","templated":true}]}}